me factors of 1030537?
1030537
What are the prime factors of 1600415?
5, 320083
List the prime factors of 466886.
2, 7, 33349
List the prime factors of 27812829.
3, 11, 842813
List the prime factors of 189199.
189199
List the prime factors of 19394257.
89, 359, 607
What are the prime factors of 8369224?
2, 727, 1439
List the prime factors of 2486129.
167, 14887
What are the prime factors of 22064961?
3, 1153, 6379
What are the prime factors of 278482?
2, 139241
List the prime factors of 485741.
17, 28573
List the prime factors of 10557528.
2, 3, 401, 1097
List the prime factors of 3247964.
2, 811991
List the prime factors of 4642002.
2, 3, 31, 47, 59
List the prime factors of 2602751.
17, 283, 541
What are the prime factors of 6485832?
2, 3, 10009
List the prime factors of 240243.
3, 73, 1097
What are the prime factors of 674523?
3, 149, 503
What are the prime factors of 6654598?
2, 19, 37, 4733
What are the prime factors of 4064019?
3, 67, 20219
List the prime factors of 1830028.
2, 457507
What are the prime factors of 1273050?
2, 3, 5, 23, 41
What are the prime factors of 4771563?
3, 1590521
List the prime factors of 440866.
2, 137, 1609
What are the prime factors of 449447?
509, 883
List the prime factors of 934841.
41, 151
List the prime factors of 4403720.
2, 5, 89, 1237
List the prime factors of 46075.
5, 19, 97
What are the prime factors of 509066?
2, 29, 67, 131
What are the prime factors of 2654641?
11, 373, 647
What are the prime factors of 280511?
7, 11, 3643
What are the prime factors of 470946?
2, 3, 7, 11213
What are the prime factors of 1642989?
3, 547663
List the prime factors of 1553829.
3, 157, 3299
What are the prime factors of 40512?
2, 3, 211
List the prime factors of 16040251.
16040251
What are the prime factors of 19334721?
3, 7, 920701
List the prime factors of 100283.
17, 347
What are the prime factors of 6081242?
2, 29, 104849
What are the prime factors of 1362178?
2, 681089
List the prime factors of 704138.
2, 352069
List the prime factors of 536108.
2, 101, 1327
List the prime factors of 12895343.
29, 47, 9461
List the prime factors of 31704.
2, 3, 1321
List the prime factors of 635109.
3, 269, 787
List the prime factors of 6334376.
2, 791797
List the prime factors of 2818216.
2, 37, 9521
What are the prime factors of 531301?
17, 31253
What are the prime factors of 1694135?
5, 17, 19, 1049
What are the prime factors of 16686013?
3019, 5527
What are the prime factors of 7222467?
3, 7, 17, 20231
What are the prime factors of 15088627?
15088627
List the prime factors of 151705.
5, 30341
List the prime factors of 2093364.
2, 3, 7, 13, 71
What are the prime factors of 5806644?
2, 3, 673, 719
List the prime factors of 14349901.
14349901
What are the prime factors of 46154?
2, 47, 491
What are the prime factors of 16354?
2, 13, 17, 37
List the prime factors of 4618880.
2, 5, 7, 1031
List the prime factors of 44894.
2, 22447
List the prime factors of 20803589.
739, 28151
What are the prime factors of 7123518?
2, 3, 19, 53, 131
List the prime factors of 4446034.
2, 1483, 1499
What are the prime factors of 8754117?
3, 19, 109, 1409
What are the prime factors of 40677914?
2, 43, 331, 1429
What are the prime factors of 19666767?
3, 19, 83, 4157
List the prime factors of 480623.
11, 13, 3361
What are the prime factors of 4223002?
2, 7, 301643
What are the prime factors of 708618?
2, 3, 89, 1327
List the prime factors of 47274.
2, 3, 7879
List the prime factors of 755268.
2, 3, 62939
What are the prime factors of 358447?
358447
What are the prime factors of 10982101?
13, 844777
List the prime factors of 1092738.
2, 3, 182123
List the prime factors of 4410234.
2, 3, 81671
What are the prime factors of 340066?
2, 193, 881
List the prime factors of 362503.
23, 15761
What are the prime factors of 9510298?
2, 7, 19, 35753
List the prime factors of 7895462.
2, 229, 17239
List the prime factors of 18814979.
18814979
What are the prime factors of 4256343?
3, 7, 13, 5197
List the prime factors of 391710.
2, 3, 5, 11, 1187
What are the prime factors of 2110731?
3, 7, 100511
List the prime factors of 3347106.
2, 3, 7, 79693
List the prime factors of 1370113.
1370113
List the prime factors of 116932.
2, 23, 31, 41
List the prime factors of 5122.
2, 13, 197
List the prime factors of 102904.
2, 19, 677
List the prime factors of 1595838.
2, 3, 47, 5659
List the prime factors of 2077087.
1249, 1663
List the prime factors of 4766206.
2, 43, 157, 353
What are the prime factors of 518860?
2, 5, 25943
List the prime factors of 208212.
2, 3, 17351
What are the prime factors of 9005292?
2, 3, 250147
What are the prime factors of 3050100?
2, 3, 5, 3389
What are the prime factors of 944932?
2, 23, 10271
List the prime factors of 1978976.
2, 61843
What are the prime factors of 9338300?
2, 5, 93383
What are the prime factors of 965259?
3, 107251
List the prime factors of 3841468.
2, 727, 1321
What are the prime factors of 640379?
41, 15619
List the prime factors of 4858841.
13, 373757
What are the prime factors of 5616950?
2, 5, 112339
List the prime factors of 994734.
2, 3, 13, 109
What are the prime factors of 111222?
2, 3, 37, 167
List the prime factors of 968482.
2, 47, 10303
List the prime factors of 177747.
3, 179, 331
List the prime factors of 99336.
2, 3, 4139
List the prime factors of 58222.
2, 43, 677
What are the prime factors of 23611854?
2, 3, 7, 163, 3449
List the prime factors of 635147.
635147
List the prime factors of 1007020.
2, 5, 7, 7193
What are the prime factors of 321930?
2, 3, 5, 7, 73
What are the prime factors of 1519066?
2, 83, 9151
What are the prime factors of 634646?
2, 317323
List the prime factors of 1958823.
3, 2687
List the prime factors of 170429.
7, 97, 251
List the prime factors of 93662.
2, 46831
List the prime factors of 183314.
2, 151, 607
What are the prime factors of 196440?
2, 3, 5, 1637
What are the prime factors of 2305897?
11, 17, 19, 59
What are the prime factors of 3022027?
3022027
List the prime factors of 981197.
7, 140171
List the prime factors of 232339.
17, 79, 173
List the prime factors of 458979.
3, 152993
What are the prime factors of 5177644?
2, 41, 131, 241
What are the prime factors of 249139?
11, 29, 71
What are the prime factors of 4947?
3, 17, 97
What are the prime factors of 5065735?
5, 349, 2903
List the prime factors of 1404923.
13, 67, 1613
List the prime factors of 1219563.
3, 17, 2657
List the prime factors of 3307744.
2, 11, 9397
What are the prime factors of 1079492?
2, 401, 673
List the prime factors of 998183.
101, 9883
What are the prime factors of 18430?
2, 5, 19, 97
List the prime factors of 14177471.
7, 11, 101, 1823
List the prime factors of 458595.
3, 5, 43, 79
List the prime factors of 2885755.
5, 577151
List the prime factors of 912290.
2, 5, 91229
List the prime factors of 1267874.
2, 633937
What are the prime factors of 58449?
3, 19483
List the prime factors of 16410751.
7, 97, 24169
List the prime factors of 1918384.
2, 13, 23, 401
What are the prime factors of 587176?
2, 19, 3863
List the prime factors of 15417170.
2, 5, 19, 53, 1531
List the prime factors of 10418864.
2, 651179
What are the prime factors of 477710?
2, 5, 23, 31, 67
What are the prime factors of 4097972?
2, 37, 27689
List the prime factors of 556820.
2, 5, 11, 2531
What are the prime factors of 448387?
448387
What are the prime factors of 965818?
2, 7, 149, 463
List the prime factors of 820121.
71, 11551
What are the prime factors of 23991740?
2, 5, 1199587
What are the prime factors of 1441528?
2, 11, 16381
List the prime factors of 45288.
2, 3, 17, 37
List the prime factors of 7258965.
3, 5, 7, 257, 269
What are the prime factors of 433917?
3, 11, 487
List the prime factors of 2255885.
5, 451177
List the prime factors of 485368.
2, 13, 359
List the prime factors of 22433.
22433
What are the prime factors of 34437068?
2, 53, 162439
What are the prime factors of 3601799?
1201, 2999
List the prime factors of 9125062.
2, 71, 179, 359
List the prime factors of 465185.
5, 7, 13291
List the prime factors of 4643015.
5, 13, 61, 1171
What are the prime factors of 144190?
2, 5, 14419
List the prime factors of 150775.
5, 37, 163
What are the prime factors of 427670?
2, 5, 42767
What are the prime factors of 49